{"id":5727,"date":"2026-02-17T11:43:28","date_gmt":"2026-02-17T10:43:28","guid":{"rendered":"https:\/\/tyrawa.pl\/?page_id=5727"},"modified":"2026-02-17T11:44:44","modified_gmt":"2026-02-17T10:44:44","slug":"dostepny-samorzad-2-0","status":"publish","type":"page","link":"https:\/\/tyrawa.pl\/?page_id=5727","title":{"rendered":"Dost\u0119pny Samorz\u0105d 2.0"},"content":{"rendered":"\n<figure class=\"wp-block-image size-full\"><img fetchpriority=\"high\" decoding=\"async\" width=\"944\" height=\"130\" src=\"https:\/\/tyrawa.pl\/wp-content\/uploads\/2026\/02\/Fundusze-Europejskie-dla-Rozwoju-Spolecznego.png\" alt=\"\" class=\"wp-image-5728\" srcset=\"https:\/\/tyrawa.pl\/wp-content\/uploads\/2026\/02\/Fundusze-Europejskie-dla-Rozwoju-Spolecznego.png 944w, https:\/\/tyrawa.pl\/wp-content\/uploads\/2026\/02\/Fundusze-Europejskie-dla-Rozwoju-Spolecznego-300x41.png 300w, https:\/\/tyrawa.pl\/wp-content\/uploads\/2026\/02\/Fundusze-Europejskie-dla-Rozwoju-Spolecznego-768x106.png 768w\" sizes=\"(max-width: 944px) 100vw, 944px\" \/><\/figure>\n\n\n\n<p><strong>Gmina Tyrawa Wo\u0142oska bierze udzia\u0142 w projekcie grantowym \u201eDost\u0119pny Samorz\u0105d 2.0\u201d Dzia\u0142anie 3.3 Systemowa poprawa dost\u0119pno\u015bci, O\u015b priorytetowa III Dost\u0119pno\u015b\u0107 i us\u0142ugi dla os\u00f3b z niepe\u0142nosprawno\u015bciami, program Fundusze Europejskie dla Rozwoju Spo\u0142ecznego 2021-2027.<\/strong><\/p>\n\n\n\n<p>Projekt jest realizowany przez Ministerstwo Spraw Wewn\u0119trznych i Administracji w partnerstwie z Pa\u0144stwowym Funduszem Rehabilitacji Os\u00f3b Niepe\u0142nosprawnych, Fundacj\u0105 Instytut Rozwoju Regionalnego oraz \u015al\u0105skim Zwi\u0105zkiem Gmin i Powiat\u00f3w.<\/p>\n\n\n\n<p>W ramach drugiej tury naboru gmina Tyrawa Wo\u0142oska znalaz\u0142a si\u0119 w\u015br\u00f3d 80 jednostek samorz\u0105du terytorialnego zakwalifikowanych do udzia\u0142u w projekcie, w kt\u00f3rym udzia\u0142 wzi\u0119\u0142o 395 JST z 5 wojew\u00f3dztw (lubelskiego, \u0142\u00f3dzkiego, ma\u0142opolskiego, podkarpackiego, \u015bwi\u0119tokrzyskiego).<\/p>\n\n\n\n<p><strong>Celem projektu&nbsp;<\/strong>\u201eDost\u0119pny samorz\u0105d 2.0\u201d jest wspieranie dzia\u0142a\u0144 na rzecz poprawy dost\u0119pno\u015bci w jednostkach samorz\u0105du terytorialnego w Polsce. Uczestnicy (JST oraz ich pracownicy) otrzymaj\u0105 wsparcie szkoleniowo-doradcze oraz grantowe.<\/p>\n\n\n\n<p><strong>W ramach projektu planuje si\u0119 realizacj\u0119 nast\u0119puj\u0105cych dzia\u0142a\u0144:<\/strong><\/p>\n\n\n\n<p>&#8211; realizacj\u0119 procesu szkoleniowego dla kadry kierowniczej oraz pracownik\u00f3w JST,<\/p>\n\n\n\n<p>&#8211; realizacj\u0119 procesu doradztwa indywidualnego dla jednostek samorz\u0105du terytorialnego,<\/p>\n\n\n\n<p>&#8211; przyj\u0119cie przez samorz\u0105dy opracowanych w ramach projektu \u201eStandard\u00f3w Dost\u0119pno\u015bci<br>&nbsp; w Samorz\u0105dzie\u201d,<\/p>\n\n\n\n<p>&#8211; opracowanie oraz wprowadzenie Procedury obs\u0142ugi os\u00f3b ze szczeg\u00f3lnymi potrzebami w JST,<\/p>\n\n\n\n<p>&#8211; aktualizacj\u0119 Plan\u00f3w dzia\u0142ania na rzecz poprawy zapewnienia dost\u0119pno\u015bci,<\/p>\n\n\n\n<p>&#8211; powierzenie grantu na realizacj\u0119 wy\u0142onionych w trybie partycypacyjnym przedsi\u0119wzi\u0119\u0107<br>&nbsp;&nbsp; o warto\u015bci do 300 000,00 z\u0142.<\/p>\n","protected":false},"excerpt":{"rendered":"<p>Gmina Tyrawa Wo\u0142oska bierze udzia\u0142 w projekcie grantowym \u201eDost\u0119pny Samorz\u0105d 2.0\u201d Dzia\u0142anie 3.3 Systemowa poprawa dost\u0119pno\u015bci, O\u015b priorytetowa III Dost\u0119pno\u015b\u0107 i us\u0142ugi dla os\u00f3b z niepe\u0142nosprawno\u015bciami, program Fundusze Europejskie dla Rozwoju Spo\u0142ecznego 2021-2027. Projekt jest realizowany przez Ministerstwo Spraw Wewn\u0119trznych i Administracji w partnerstwie z Pa\u0144stwowym Funduszem Rehabilitacji Os\u00f3b Niepe\u0142nosprawnych, Fundacj\u0105 Instytut Rozwoju Regionalnego oraz [&hellip;]<\/p>\n","protected":false},"author":2,"featured_media":0,"parent":0,"menu_order":0,"comment_status":"closed","ping_status":"closed","template":"","meta":{"footnotes":""},"class_list":["post-5727","page","type-page","status-publish","hentry","no-thumb"],"_links":{"self":[{"href":"https:\/\/tyrawa.pl\/index.php?rest_route=\/wp\/v2\/pages\/5727","targetHints":{"allow":["GET"]}}],"collection":[{"href":"https:\/\/tyrawa.pl\/index.php?rest_route=\/wp\/v2\/pages"}],"about":[{"href":"https:\/\/tyrawa.pl\/index.php?rest_route=\/wp\/v2\/types\/page"}],"author":[{"embeddable":true,"href":"https:\/\/tyrawa.pl\/index.php?rest_route=\/wp\/v2\/users\/2"}],"replies":[{"embeddable":true,"href":"https:\/\/tyrawa.pl\/index.php?rest_route=%2Fwp%2Fv2%2Fcomments&post=5727"}],"version-history":[{"count":2,"href":"https:\/\/tyrawa.pl\/index.php?rest_route=\/wp\/v2\/pages\/5727\/revisions"}],"predecessor-version":[{"id":5731,"href":"https:\/\/tyrawa.pl\/index.php?rest_route=\/wp\/v2\/pages\/5727\/revisions\/5731"}],"wp:attachment":[{"href":"https:\/\/tyrawa.pl\/index.php?rest_route=%2Fwp%2Fv2%2Fmedia&parent=5727"}],"curies":[{"name":"wp","href":"https:\/\/api.w.org\/{rel}","templated":true}]}}