{"id":5610,"date":"2026-01-14T13:25:29","date_gmt":"2026-01-14T12:25:29","guid":{"rendered":"https:\/\/tyrawa.pl\/?page_id=5610"},"modified":"2026-01-14T13:25:30","modified_gmt":"2026-01-14T12:25:30","slug":"program-ochrony-ludnosci-i-obrony-cywilnej-na-lata-2025-2026","status":"publish","type":"page","link":"https:\/\/tyrawa.pl\/?page_id=5610","title":{"rendered":"Program Ochrony Ludno\u015bci i Obrony Cywilnej na lata 2025-2026"},"content":{"rendered":"\n<figure class=\"wp-block-image size-large\"><img fetchpriority=\"high\" decoding=\"async\" width=\"1024\" height=\"346\" src=\"https:\/\/tyrawa.pl\/wp-content\/uploads\/2026\/01\/OLiOC-logo-na-jasne-tlo_page-0001-1024x346.jpg\" alt=\"\" class=\"wp-image-5573\" srcset=\"https:\/\/tyrawa.pl\/wp-content\/uploads\/2026\/01\/OLiOC-logo-na-jasne-tlo_page-0001-1024x346.jpg 1024w, https:\/\/tyrawa.pl\/wp-content\/uploads\/2026\/01\/OLiOC-logo-na-jasne-tlo_page-0001-300x101.jpg 300w, https:\/\/tyrawa.pl\/wp-content\/uploads\/2026\/01\/OLiOC-logo-na-jasne-tlo_page-0001-768x260.jpg 768w, https:\/\/tyrawa.pl\/wp-content\/uploads\/2026\/01\/OLiOC-logo-na-jasne-tlo_page-0001-1536x520.jpg 1536w, https:\/\/tyrawa.pl\/wp-content\/uploads\/2026\/01\/OLiOC-logo-na-jasne-tlo_page-0001-2048x693.jpg 2048w\" sizes=\"(max-width: 1024px) 100vw, 1024px\" \/><\/figure>\n\n\n\n<p>Gmina Tyrawa Wo\u0142oska zrealizowa\u0142a, w ramach <strong>PROGRAMU OCHRONY LUDNO\u015aCI I OBRONY CYWILNEJ NA LATA 2025-2026<\/strong>, zadanie pn.: \u201e<strong>Poprawa systemu ochrony ludno\u015bci i obrony cywilnej na terenie gminy Tyrawa Wo\u0142oska<\/strong>\u201d. Ca\u0142kowity koszt zadania wyni\u00f3s\u0142 176&nbsp;269,00 z\u0142, w tym kwota dotacji celowej z bud\u017cetu pa\u0144stwa \u2013 141&nbsp;012,00 z\u0142. Pozosta\u0142a kwota, tj. 35&nbsp;257,00 z\u0142 stanowi\u0142a wk\u0142ad w\u0142asny gminy Tyrawa Wo\u0142oska.<\/p>\n\n\n\n<p>Realizacja zadania polega\u0142a na zakupie wyposa\u017cenia i sprz\u0119tu w celu uzupe\u0142nienia magazyn\u00f3w z wyposa\u017ceniem i sprz\u0119tem na potrzeby ochrony ludno\u015bci i obrony cywilnej, jak te\u017c doposa\u017cenie organizacji pozarz\u0105dowych realizuj\u0105cych zadania z zakresu ochrony ludno\u015bci i obrony cywilnej (g\u0142\u00f3wnie Ochotniczych Stra\u017cy Po\u017carnych z terenu gminy).<br>W ramach wydatk\u00f3w maj\u0105tkowych zakupiono agregat pr\u0105dotw\u00f3rczy 3-fazowy na potrzeby Urz\u0119du Gminy oraz stacj\u0119 bazow\u0105 do selektywnego wywo\u0142ania, kt\u00f3r\u0105 zamontowano w remizie OSP w Rozpuciu.<\/p>\n\n\n\n<p>W ramach wydatk\u00f3w bie\u017c\u0105cych zakupiono m.in.:<br>1) agregaty pr\u0105dotw\u00f3rcze 1-fazowe,<br>2) namioty ze stela\u017cem aluminiowym na dora\u017ane potrzeby dla os\u00f3b poszkodowanych,<br>3) indywidualne wyposa\u017cenie ochrony specjalnej, tj. buty specjalne stra\u017cackie gumowe<br>i sk\u00f3rzane, he\u0142my stra\u017cackie z latarkami, ubrania specjalne stra\u017cackie i r\u0119kawice do ratownictwa technicznego,<br>4) systemy o\u015bwietlenia mobilnego,<br>5) cyfrowe radiotelefony przewo\u017ane i przeno\u015bne.<\/p>\n\n\n\n<p>Realizacja zadania pozwoli na&nbsp;rozpocz\u0119cie budowy efektywnego systemu ochrony ludno\u015bci i&nbsp;obrony cywilnej dzia\u0142aj\u0105cego podczas wyst\u0105pienia ka\u017cdego rodzaju zagro\u017cenia na&nbsp;terenie gminy Tyrawa Wo\u0142oska. Zadanie bezpo\u015brednio przyczynia si\u0119 do realizacji za\u0142o\u017ce\u0144 i&nbsp;priorytet\u00f3w <strong>Programu Ochrony Ludno\u015bci i&nbsp;Obrony Cywilnej na&nbsp;lata 2025\u20132026<\/strong>, poprzez odbudow\u0119 zasob\u00f3w ochrony ludno\u015bci, rozw\u00f3j infrastruktury technicznej, integracj\u0119 system\u00f3w \u0142\u0105czno\u015bci, a&nbsp;tak\u017ce wype\u0142nienie ustawowych obowi\u0105zk\u00f3w gminy wynikaj\u0105cych z&nbsp;ustawy z&nbsp;dnia 4 grudnia 2024r. o&nbsp;ochronie ludno\u015bci i&nbsp;obronie cywilnej.<\/p>\n\n\n\n<figure class=\"wp-block-image size-full\"><img decoding=\"async\" width=\"2560\" height=\"1707\" src=\"https:\/\/tyrawa.pl\/wp-content\/uploads\/2026\/01\/TABLICA_1_page-0001-1-scaled.jpg\" alt=\"\" class=\"wp-image-5576\"\/><\/figure>\n","protected":false},"excerpt":{"rendered":"<p>Gmina Tyrawa Wo\u0142oska zrealizowa\u0142a, w ramach PROGRAMU OCHRONY LUDNO\u015aCI I OBRONY CYWILNEJ NA LATA 2025-2026, zadanie pn.: \u201ePoprawa systemu ochrony ludno\u015bci i obrony cywilnej na terenie gminy Tyrawa Wo\u0142oska\u201d. Ca\u0142kowity koszt zadania wyni\u00f3s\u0142 176&nbsp;269,00 z\u0142, w tym kwota dotacji celowej z bud\u017cetu pa\u0144stwa \u2013 141&nbsp;012,00 z\u0142. Pozosta\u0142a kwota, tj. 35&nbsp;257,00 z\u0142 stanowi\u0142a wk\u0142ad w\u0142asny gminy [&hellip;]<\/p>\n","protected":false},"author":2,"featured_media":0,"parent":0,"menu_order":0,"comment_status":"closed","ping_status":"closed","template":"","meta":{"footnotes":""},"class_list":["post-5610","page","type-page","status-publish","hentry","no-thumb"],"_links":{"self":[{"href":"https:\/\/tyrawa.pl\/index.php?rest_route=\/wp\/v2\/pages\/5610","targetHints":{"allow":["GET"]}}],"collection":[{"href":"https:\/\/tyrawa.pl\/index.php?rest_route=\/wp\/v2\/pages"}],"about":[{"href":"https:\/\/tyrawa.pl\/index.php?rest_route=\/wp\/v2\/types\/page"}],"author":[{"embeddable":true,"href":"https:\/\/tyrawa.pl\/index.php?rest_route=\/wp\/v2\/users\/2"}],"replies":[{"embeddable":true,"href":"https:\/\/tyrawa.pl\/index.php?rest_route=%2Fwp%2Fv2%2Fcomments&post=5610"}],"version-history":[{"count":1,"href":"https:\/\/tyrawa.pl\/index.php?rest_route=\/wp\/v2\/pages\/5610\/revisions"}],"predecessor-version":[{"id":5611,"href":"https:\/\/tyrawa.pl\/index.php?rest_route=\/wp\/v2\/pages\/5610\/revisions\/5611"}],"wp:attachment":[{"href":"https:\/\/tyrawa.pl\/index.php?rest_route=%2Fwp%2Fv2%2Fmedia&parent=5610"}],"curies":[{"name":"wp","href":"https:\/\/api.w.org\/{rel}","templated":true}]}}