{"id":4935,"date":"2025-07-14T16:01:22","date_gmt":"2025-07-14T14:01:22","guid":{"rendered":"https:\/\/tyrawa.pl\/?page_id=4935"},"modified":"2025-09-03T09:03:56","modified_gmt":"2025-09-03T07:03:56","slug":"moj-rynek","status":"publish","type":"page","link":"https:\/\/tyrawa.pl\/?page_id=4935","title":{"rendered":"M\u00f3j rynek"},"content":{"rendered":"\n<figure class=\"wp-block-image size-large\"><img fetchpriority=\"high\" decoding=\"async\" width=\"1024\" height=\"683\" src=\"https:\/\/tyrawa.pl\/wp-content\/uploads\/2025\/07\/Moj-rynek-1024x683.jpg\" alt=\"\" class=\"wp-image-4936\" srcset=\"https:\/\/tyrawa.pl\/wp-content\/uploads\/2025\/07\/Moj-rynek-1024x683.jpg 1024w, https:\/\/tyrawa.pl\/wp-content\/uploads\/2025\/07\/Moj-rynek-300x200.jpg 300w, https:\/\/tyrawa.pl\/wp-content\/uploads\/2025\/07\/Moj-rynek-768x512.jpg 768w, https:\/\/tyrawa.pl\/wp-content\/uploads\/2025\/07\/Moj-rynek-391x260.jpg 391w, https:\/\/tyrawa.pl\/wp-content\/uploads\/2025\/07\/Moj-rynek-1536x1024.jpg 1536w, https:\/\/tyrawa.pl\/wp-content\/uploads\/2025\/07\/Moj-rynek-2048x1365.jpg 2048w\" sizes=\"(max-width: 1024px) 100vw, 1024px\" \/><\/figure>\n\n\n\n<p><\/p>\n\n\n\n<p><strong>Z my\u015bl\u0105 o lokalnych producentach \u017cywno\u015bci, a tak\u017ce o konsumentach, kt\u00f3rzy chc\u0105 kupowa\u0107 to co nasze, lokalne \u2013 w Tyrawie Wo\u0142oskiej<\/strong> <strong>powsta\u0142o gminne targowisko.<\/strong><\/p>\n\n\n\n<p>Targowisko czynne jest od <strong>poniedzia\u0142ku<\/strong> do <strong>soboty<\/strong>, w godzinach od <strong>6 -18<\/strong> za wyj\u0105tkiem dni ustawowo wolnych od pracy.<\/p>\n\n\n\n<p><a href=\"https:\/\/tyrawa.pl\/?p=4939\" data-type=\"link\" data-id=\"https:\/\/tyrawa.pl\/?p=4939\">Targowisko w Tyrawie Wo\u0142oskiej \u2013 szukamy wystawc\u00f3w!<\/a><\/p>\n\n\n\n<p><a href=\"https:\/\/tyrawa.pl\/?p=5009\" data-type=\"link\" data-id=\"https:\/\/tyrawa.pl\/?p=5009\">Dzi\u015b na Targowisku w Tyrawie Wo\u0142oskiej\u2026 BOR\u00d3WKI!<\/a><\/p>\n\n\n\n<p><a href=\"https:\/\/tyrawa.pl\/?p=5003\" data-type=\"link\" data-id=\"https:\/\/tyrawa.pl\/?p=5003\">Tradycyjne wypieki ju\u017c w \u015brod\u0119 w Tyrawie!<\/a><\/p>\n\n\n\n<p><a href=\"https:\/\/tyrawa.pl\/?p=5163\" data-type=\"link\" data-id=\"https:\/\/tyrawa.pl\/?p=5163\">Tradycyjne wypieki ju\u017c jutro w Tyrawie!<\/a><\/p>\n","protected":false},"excerpt":{"rendered":"<p>Z my\u015bl\u0105 o lokalnych producentach \u017cywno\u015bci, a tak\u017ce o konsumentach, kt\u00f3rzy chc\u0105 kupowa\u0107 to co nasze, lokalne \u2013 w Tyrawie Wo\u0142oskiej powsta\u0142o gminne targowisko. Targowisko czynne jest od poniedzia\u0142ku do soboty, w godzinach od 6 -18 za wyj\u0105tkiem dni ustawowo wolnych od pracy. Targowisko w Tyrawie Wo\u0142oskiej \u2013 szukamy wystawc\u00f3w! Dzi\u015b na Targowisku w Tyrawie [&hellip;]<\/p>\n","protected":false},"author":2,"featured_media":0,"parent":0,"menu_order":0,"comment_status":"closed","ping_status":"closed","template":"","meta":{"footnotes":""},"class_list":["post-4935","page","type-page","status-publish","hentry","no-thumb"],"_links":{"self":[{"href":"https:\/\/tyrawa.pl\/index.php?rest_route=\/wp\/v2\/pages\/4935","targetHints":{"allow":["GET"]}}],"collection":[{"href":"https:\/\/tyrawa.pl\/index.php?rest_route=\/wp\/v2\/pages"}],"about":[{"href":"https:\/\/tyrawa.pl\/index.php?rest_route=\/wp\/v2\/types\/page"}],"author":[{"embeddable":true,"href":"https:\/\/tyrawa.pl\/index.php?rest_route=\/wp\/v2\/users\/2"}],"replies":[{"embeddable":true,"href":"https:\/\/tyrawa.pl\/index.php?rest_route=%2Fwp%2Fv2%2Fcomments&post=4935"}],"version-history":[{"count":10,"href":"https:\/\/tyrawa.pl\/index.php?rest_route=\/wp\/v2\/pages\/4935\/revisions"}],"predecessor-version":[{"id":5172,"href":"https:\/\/tyrawa.pl\/index.php?rest_route=\/wp\/v2\/pages\/4935\/revisions\/5172"}],"wp:attachment":[{"href":"https:\/\/tyrawa.pl\/index.php?rest_route=%2Fwp%2Fv2%2Fmedia&parent=4935"}],"curies":[{"name":"wp","href":"https:\/\/api.w.org\/{rel}","templated":true}]}}