{"id":4667,"date":"2025-04-11T12:29:07","date_gmt":"2025-04-11T10:29:07","guid":{"rendered":"https:\/\/tyrawa.pl\/?post_type=mec-events&#038;p=4667"},"modified":"2025-04-11T12:29:07","modified_gmt":"2025-04-11T10:29:07","slug":"zapraszam-na-xvi-sesje-nadzwyczajna-rady-gminy-tyrawa-woloska","status":"publish","type":"mec-events","link":"https:\/\/tyrawa.pl\/?mec-events=zapraszam-na-xvi-sesje-nadzwyczajna-rady-gminy-tyrawa-woloska","title":{"rendered":"Zapraszam na XVI sesj\u0119 nadzwyczajn\u0105 Rady Gminy Tyrawa Wo\u0142oska"},"content":{"rendered":"<p>Serdecznie zapraszam na XVI sesj\u0119 nadzwyczajn\u0105 Rady Gminy Tyrawa Wo\u0142oska, kt\u00f3r\u0105 zwo\u0142uj\u0119 na podstawie art. 20 ust. 3 ustawy z dnia 8 marca 1990 r. o samorz\u0105dzie gminnym (tekst jedn. Dz. U. z 2024 r. poz. 1465 z p\u00f3\u017an. zm.) Sesja odb\u0119dzie si\u0119 14 kwietnia 2025 r. \/poniedzia\u0142ek\/ o godz. 16.00 w budynku Urz\u0119du Gminy Tyrawa Wo\u0142oska w \u015awietlicy \u201eMr\u00f3wka\u201d z nast\u0119puj\u0105cym porz\u0105dkiem obrad:<\/p>\n<p>1. Otwarcie sesji i stwierdzenie prawomocno\u015bci obrad.<br \/>\n2. Przyj\u0119cie porz\u0105dku obrad.<br \/>\n3. Podj\u0119cie uchwa\u0142y w sprawie zmiany uchwa\u0142y bud\u017cetowej Gminy Tyrawa Wo\u0142oska na 2025 rok.<br \/>\n4. Podj\u0119cie uchwa\u0142y w sprawie zmiany wieloletniej prognozy finansowej Gminy Tyrawa Wo\u0142oska na lata 2025- 2029.<br \/>\n5. Podj\u0119cie uchwa\u0142y w sprawie ustalenia trybu udzielania i rozliczania dotacji udzielonych z bud\u017cetu Gminy Tyrawa Wo\u0142oska dla podmiot\u00f3w innych ni\u017c Gmina Tyrawa Wo\u0142oska, prowadz\u0105cych niepubliczne przedszkola oraz niepubliczne inne formy wychowania przedszkolnego oraz trybu przeprowadzania kontroli prawid\u0142owo\u015bci ich pobrania i wykorzystania<br \/>\n6. Zamkni\u0119cie obrad sesji.<\/p>\n<p style=\"text-align: right;\">\n<p style=\"text-align: right;\">Przewodnicz\u0105cy Rady Gminy Tyrawa Wo\u0142oska<\/p>\n<p style=\"text-align: right;\">Rados\u0142aw Babina<\/p>\n","protected":false},"excerpt":{"rendered":"<p>Serdecznie zapraszam na XVI sesj\u0119 nadzwyczajn\u0105 Rady Gminy Tyrawa Wo\u0142oska, kt\u00f3r\u0105 zwo\u0142uj\u0119 na podstawie art. 20 ust. 3 ustawy z dnia 8 marca 1990 r. o samorz\u0105dzie gminnym (tekst jedn. Dz. U. z 2024 r. poz. 1465 z p\u00f3\u017an. zm.) Sesja odb\u0119dzie si\u0119 14 kwietnia 2025 r. \/poniedzia\u0142ek\/ o godz. 16.00 w budynku Urz\u0119du Gminy [&hellip;]<\/p>\n","protected":false},"author":2,"featured_media":4078,"comment_status":"closed","ping_status":"closed","template":"","tags":[],"mec_category":[26],"class_list":["post-4667","mec-events","type-mec-events","status-publish","has-post-thumbnail","hentry","mec_category-wydarzenia","has-thumb"],"_links":{"self":[{"href":"https:\/\/tyrawa.pl\/index.php?rest_route=\/wp\/v2\/mec-events\/4667","targetHints":{"allow":["GET"]}}],"collection":[{"href":"https:\/\/tyrawa.pl\/index.php?rest_route=\/wp\/v2\/mec-events"}],"about":[{"href":"https:\/\/tyrawa.pl\/index.php?rest_route=\/wp\/v2\/types\/mec-events"}],"author":[{"embeddable":true,"href":"https:\/\/tyrawa.pl\/index.php?rest_route=\/wp\/v2\/users\/2"}],"replies":[{"embeddable":true,"href":"https:\/\/tyrawa.pl\/index.php?rest_route=%2Fwp%2Fv2%2Fcomments&post=4667"}],"wp:featuredmedia":[{"embeddable":true,"href":"https:\/\/tyrawa.pl\/index.php?rest_route=\/wp\/v2\/media\/4078"}],"wp:attachment":[{"href":"https:\/\/tyrawa.pl\/index.php?rest_route=%2Fwp%2Fv2%2Fmedia&parent=4667"}],"wp:term":[{"taxonomy":"post_tag","embeddable":true,"href":"https:\/\/tyrawa.pl\/index.php?rest_route=%2Fwp%2Fv2%2Ftags&post=4667"},{"taxonomy":"mec_category","embeddable":true,"href":"https:\/\/tyrawa.pl\/index.php?rest_route=%2Fwp%2Fv2%2Fmec_category&post=4667"}],"curies":[{"name":"wp","href":"https:\/\/api.w.org\/{rel}","templated":true}]}}

Zapraszam na XVI sesję nadzwyczajną Rady Gminy Tyrawa Wołoska

<p>Serdecznie zapraszam na XVI sesję nadzwyczajną Rady Gminy Tyrawa Wołoska, którą zwołuję na podstawie art. 20 ust. 3 ustawy z dnia 8 marca 1990 r. o samorządzie gminnym (tekst jedn. Dz. U. z 2024 r. poz. 1465 z późn. zm.) Sesja odbędzie się 14 kwietnia 2025 r. /poniedziałek/ o godz. 16.00 w budynku Urzędu Gminy Tyrawa Wołoska w Świetlicy „Mrówka” z następującym porządkiem obrad:</p>
<p>1. Otwarcie sesji i stwierdzenie prawomocności obrad.<br />
2. Przyjęcie porządku obrad.<br />
3. Podjęcie uchwały w sprawie zmiany uchwały budżetowej Gminy Tyrawa Wołoska na 2025 rok.<br />
4. Podjęcie uchwały w sprawie zmiany wieloletniej prognozy finansowej Gminy Tyrawa Wołoska na lata 2025- 2029.<br />
5. Podjęcie uchwały w sprawie ustalenia trybu udzielania i rozliczania dotacji udzielonych z budżetu Gminy Tyrawa Wołoska dla podmiotów innych niż Gmina Tyrawa Wołoska, prowadzących niepubliczne przedszkola oraz niepubliczne inne formy wychowania przedszkolnego oraz trybu przeprowadzania kontroli prawidłowości ich pobrania i wykorzystania<br />
6. Zamknięcie obrad sesji.</p>
<p style="text-align: right;">
<p style="text-align: right;">Przewodniczący Rady Gminy Tyrawa Wołoska</p>
<p style="text-align: right;">Radosław Babina</p>

<p>Serdecznie zapraszam na XVI sesję nadzwyczajną Rady Gminy Tyrawa Wołoska, którą zwołuję na podstawie art. 20 ust. 3 ustawy z dnia 8 marca 1990 r. o samorządzie gminnym (tekst jedn. Dz. U. z 2024 r. poz. 1465 z późn. zm.) Sesja odbędzie się 14 kwietnia 2025 r. /poniedziałek/ o godz. 16.00 w budynku Urzędu Gminy [&hellip;]</p>
